 + 2*h - 2. Determine i(1).
-24
Let k(t) = 33*t - 33. Give k(2).
33
Let p(a) = -2*a**2 - 13*a + 25. What is p(7)?
-164
Let k(l) = l**3 + 11*l**2 - l - 12. What is k(-11)?
-1
Let z(g) = 2*g**3 + 18*g**2 - 9. Give z(-9).
-9
Let t(z) = -10*z + 2. Give t(-7).
72
Let t(c) = c**3 + 2*c**2 - 3*c + 4. Determine t(-5).
-56
Let k(x) = -x**3 + 4*x**2 + 8*x + 5. Determine k(6).
-19
Let w(i) = i**2 - 10*i + 21. Calculate w(8).
5
Let f(k) = -k**3 - 9*k**2 - 23*k - 14. Calculate f(-7).
49
Let d(t) = t**2 - 8*t + 1. What is d(5)?
-14
Let u(q) = q**3 - q**2 + q - 4. What is u(3)?
17
Let p(g) = 43*g + 903. Determine p(-21).
0
Let c(h) = -6*h**2 + 9*h - 2. What is c(2)?
-8
Let x(w) = 7*w**3 + 18*w**2 - 34*w. Calculate x(2).
60
Let o(q) = 41*q + 74. What is o(-2)?
-8
Let u(q) = -q**2 - 8*q - 3. Determine u(-7).
4
Let n(x) = 3*x**2 - 70*x + 18. Give n(23).
-5
Let d(m) = m**3 + 11*m**2 + 12*m - 3. What is d(-10)?
-23
Let c(l) = 45*l + 29. Give c(-1).
-16
Let a(b) = -b**3 - 6*b**2 + 7*b - 3. Give a(-7).
-3
Let y(b) = -5*b - 8. Calculate y(0).
-8
Let f(s) = s**3 + 7*s**2 + 8*s + 9. What is f(-6)?
-3
Let b(u) = -u**3 - 7*u**2 + 2*u - 2. What is b(-7)?
-16
Let d(m) = -m - 16. Give d(-14).
-2
Let i(h) = -2*h - 1. Determine i(0).
-1
Let p(k) = -4*k**2 + 5*k + 1. Give p(-4).
-83
Let j(a) = -a + 3. What is j(3)?
0
Let c(b) = b**3 + 3*b**2 - 11*b - 5. Calculate c(-5).
0
Let r(h) = 2*h**3 - 2*h**2 + 2*h - 1. Determine r(2).
11
Let l(v) = v**2 - 2*v + 19. Calculate l(6).
43
Let s(a) = 19*a - 104. What is s(6)?
10
Let s(r) = r**3 - 8*r**2 + 2*r + 4. Determine s(8).
20
Let k(u) = -2*u**3 - 26*u**2 - 25*u - 15. What is k(-12)?
-3
Let v(t) = 9*t - 34. Calculate v(4).
2
Let a(d) = 4*d**2 - 50*d + 9. Determine a(13).
35
Let b(q) = -4*q**2 + 8*q - 1. What is b(4)?
-33
Let f(k) = -k + 16. What is f(26)?
-10
Let k(u) = u**3 + 12*u**2 - 18*u - 4. What is k(-13)?
61
Let n(z) = -z**2 - 12*z + 5. Determine n(-10).
25
Let b(u) = 4*u**2 - 10*u - 2. What is b(3)?
4
Let z(w) = -4*w**2 + 8*w - 7. Calculate z(3).
-19
Let s(d) = 2*d**2 - 30*d + 110. Calculate s(10).
10
Let n(m) = -10*m - 10. Give n(-4).
30
Let p(n) = -n**3 - 11*n**2 - 13*n - 1. What is p(-10)?
29
Let q(h) = -4*h**2 + 26*h - 32. What is q(2)?
4
Let v(s) = -16*s**3 + 2*s + 1. Give v(-1).
15
Let k(h) = -14*h - 138. What is k(-9)?
-12
Let j(t) = 11*t**2 - t + 1. Calculate j(1).
11
Let i(p) = 7*p - 126. What is i(30)?
84
Let p(c) = -2*c**2 - 7*c + 141. What is p(7)?
-6
Let j(s) = -16*s - 19. Calculate j(-3).
29
Let j(o) = -o**2 + 8*o + 10. Give j(7).
17
Let d(v) = -46*v - 132. Calculate d(-3).
6
Let k(f) = -86*f**2 - f - 1. What is k(-1)?
-86
Let t(b) = -3*b**2 + 25*b + 13. Give t(9).
-5
Let m(z) = z**2 - 32*z + 39. Give m(30).
-21
Let g(a) = a**2 - 2*a - 4. Determine g(0).
-4
Let v(k) = 279*k - 280. Give v(1).
-1
Let w(m) = m**2 - 3*m - 3. Calculate w(3).
-3
Let o(u) = 3*u**2 + 17*u + 2. What is o(-9)?
92
Let h(q) = -4*q**2 + 7*q - 6. Determine h(1).
-3
Let q(u) = -5*u + 17. Determine q(6).
-13
Let j(w) = w**3 - 2*w**2 + w + 141. Give j(0).
141
Let w(d) = d**3 + 8*d**2 + 6*d - 6. What is w(-7)?
1
Let d(o) = o + 17. Calculate d(-9).
8
Let r(m) = -m**3 + 3*m**2 + 4*m - 6. What is r(5)?
-36
Let b(r) = 2*r**2 - 14*r. Determine b(0).
0
Let j(s) = s**2 + 13*s - 10. Give j(-12).
-22
Let n(q) = 3*q**2 - 38*q + 9. Calculate n(14).
65
Let u(l) = -l + 3. Give u(9).
-6
Let l(r) = 30*r. What is l(2)?
60
Let a(i) = -i**2 - 17*i - 65. Give a(-12).
-5
Let c(q) = q**2 - 14*q + 13. Determine c(13).
0
Let f(p) = p. What is f(8)?
8
Let p(r) = -r**2 - r + 2. What is p(-4)?
-10
Let d(v) = v**3 + 9*v**2 + 8*v - 7. Give d(-7).
35
Let v(k) = 6*k - 5. Give v(6).
31
Let h(l) = l**3 - 3*l**2 + 1. Calculate h(-1).
-3
Let j(n) = -12*n**3 - n**2. Determine j(-1).
11
Let o(g) = -g**2 - 14*g - 16. What is o(-14)?
-16
Let d(n) = n**2 + 10*n - 18. Calculate d(-14).
38
Let z(n) = 24*n. Calculate z(-2).
-48
Let q(r) = -r**3 - 10*r**2 + 12*r - 7. Calculate q(-11).
-18
Let o(n) = -n**2 + 6*n - 1. Calculate o(7).
-8
Let b(d) = -41*d + 2. What is b(2)?
-80
Let n(x) = -x**2 + 31*x - 10. Calculate n(31).
-10
Let a(s) = -2*s**3 - 20*s**2 + 47*s - 8. Determine a(-12).
4
Let w(v) = v**2 + 5*v + 25. Determine w(-10).
75
Let q(v) = 10*v - 33. Calculate q(6).
27
Let i(j) = j**3 - 32*j**2 + 59*j + 24. Calculate i(30).
-6
Let l(k) = -k**2 + k + 5. Calculate l(-3).
-7
Let b(g) = g - 7. Calculate b(-4).
-11
Let d(j) = -j**2 + 35*j + 162. Calculate d(39).
6
Let q(g) = g**3 + 2*g**2 - 22*g + 10. Determine q(-6).
-2
Let s(m) = -7*m - 1. Determine s(-6).
41
Let n(r) = -13*r - 25. What is n(-6)?
53
Let y(i) = i**3 + 5*i**2 + 3*i + 10. Give y(-5).
-5
Let l(t) = -8*t**2 + 4*t + 1. Give l(4).
-111
Let q(g) = g**2 + 5*g - 10. Determine q(-7).
4
Let r(t) = 31*t**3 + t**2 - 2*t + 1. Give r(1).
31
Let s(d) = d**3 + d + 4. What is s(0)?
4
Let z(c) = -18*c**3 - c**2 + 3*c - 2. Give z(1).
-18
Let u(r) = r - 14. Give u(-5).
-19
Let u(m) = -43*m - 167. What is u(-4)?
5
Let o(s) = 46*s - 42. What is o(1)?
4
Let t(m) = -m**3 - 9*m**2 + 12*m + 24. What is t(-10)?
4
Let s(q) = q**2 - 11*q - 34. Determine s(14).
8
Let j(c) = c**2 - 7. Determine j(-3).
2
Let h(s) = -68*s + 57. Calculate h(1).
-11
Let d(w) = -w + 10. Determine d(-9).
19
Let p(s) = s**2 - 10*s + 23. Calculate p(2).
7
Let u(i) = -11*i + 2. Determine u(2).
-20
Let r(z) = z**3 - 2*z + 1. Determine r(-2).
-3
Let j(g) = 19*g + 103. Determine j(-6).
-11
Let i(k) = -2*k**3 - 7*k**2 + 10*k + 18. Calculate i(-4).
-6
Let u(x) = x**3 - 4*x - 25. Calculate u(5).
80
Let t(y) = 17*y - 334. What is t(20)?
6
Let t(p) = -3*p**2 - 3*p + 38. What is t(0)?
38
Let z(y) = 2*y**3 + 5*y**2 - 3*y - 16. Determine z(-3).
-16
Let k(m) = -m**2 - 12*m + 4. Determine k(-11).
15
Let m(p) = -6*p - 35. Calculate m(-8).
13
Let v(x) = x**3 + 3*x**2 + x. Give v(-1).
1
Let l(n) = -2*n + 35. What is l(17)?
1
Let r(q) = -q**2 + 5*q - 6. What is r(5)?
-6
Let p(x) = x**3 + 10*x**2 - 10*x - 4. Determine p(-11).
-15
Let p(f) = -19*f + 14. Determine p(0).
14
Let r(j) = j + 1. Give r(-4).
-3
Let j(z) = z**3 - 7*z**2 - 11*z - 9. Calculate j(9).
54
Let n(m) = m - 4. Determine n(11).
7
Let h(a) = -3*a**3 + 12*a**2 + 4*a + 8. Calculate h(4).
24
Let v(k) = -2*k + 10. Determine v(0).
10
Let d(x) = x**2 - 2*x + 43. What is d(0)?
43
Let z(w) = w**2 - 12*w + 9. What is z(11)?
-2
Let r(g) = -g**3 - 11*g**2 - 3*g - 4. Give r(-10).
-74
Let s(y) = -5*y**3 - y**2 + 7*y + 11. What is s(-2)?
33
Let p(i) = -3*i**2 - 4*i + 1. Calculate p(-3).
-14
Let m(r) = 3*r + 83. Calculate m(-32).
-13
Let x(h) = 5*h + 11. What is x(-11)?
-44
Let a(g) = -g**3 - g**2 + 3*g - 11. Give a(-3).
-2
Let n(l) = 4*l - 61. Give n(11).
-17
Let h(a) = 2*a**2 + 26*a + 1. Calculate h(-16).
97
Let n(o) = o**2 + 4*o - 1. Give n(5).
44
Let g(y) = y**3 + 6*y**2 - 6*y. What is g(-6)?
36
Let v(g) = -10*g - 2. Determine v(-1).
8
Let j(y) = y**3 - 5*y**2 - 10*y + 5. Determine j(7).
33
Let i(s) = 2*s**3 - 30*s**2 + 1. Determine i(15).
1
Let z(x) = -2*x**2 + 28*x - 87. Determine z(7).
11
Let b(v) = 4*v + 1. What is b(-4)?
-15
Let n(d) = d - 3. Give n(6).
3
Let q(j) = -4*j**3 + 18*j**2 + 10*j + 2. Give q(5).
2
Let d(u) = 2*u**2 + 10*u + 21. Give d(-9).
93
Let c(u) = -3*u - 10. What is c(-5)?
5
Let g(u) = -u**3 + u + 4. Give g(0).
4
Let o(t) = t**2 - 10*t - 9. Calculate o(11).
2
Let x(w) = -w + 13. Calculate x(-5).
18
Let h(t) = -t**2 - 2*t - 5. Determine h(-5).
-20
Let m(y) = 31*y + 623. Determine m(-20).
3
Let p(b) = 2*b - 5. Give p(6).
7
Let q(n) = -n**3 + 4*n**2 - 5*n + 21. What is q(4)?
1
Let u(a) = -a**2 + 21*a + 4. What is u(22)?
-18
Let w(u) = 8*u**2 + 40*u - 6. What is w(-5)?
-6
Let o(k) = -k**3 + 11*k**2 - 11*k + 11. Give o(10).
1
Let y(s) = -20*s + 14. Give y(1).
-6
Let k(m) = m**2 - 9*m + 8. What is k(9)?
8
Let m(t) = t - 13. Calculate m(12).
-1
Let r(v) = 3*v - 2. Calculate r(9).
25
Let q(w) = -2*w**2 - 13*w + 48. Determine q(-8).
24
Let d(p) = 25*p**3 + 2*p**2 - p. Give d(1).
26
Let n(p) = p**3 + 16*p**2 + 20*p - 5. What is n(-15)?
-80
Let t(w) = -6*w - 2. Calculate t(0).
-2
Let j(x) = -3*x**2 - 24*x - 2. Calculate j(-6).
34
Let x(b) = 4*b + 80. Calculate x(-15).
20
Let a(w) = -6*w**2 - w + 2. What is a(-3)?
-49
Let h(m) = m**2 + 10*m - 15. Give h(-11).
-4
Let f(y) = 3*y - 4. Give f(8).
20
Let o(m) = -17*m**2 - 3*m + 2. Deter